prime?
True
Is 4874 a prime number?
False
Is 704153 prime?
True
Is 142697 a composite number?
False
Is 10331 a prime number?
True
Is 637909 a composite number?
False
Is 2429 a composite number?
True
Is 87083 a prime number?
True
Is 106565 a prime number?
False
Is 738707 a prime number?
True
Is 17159 a prime number?
True
Is 729149 a composite number?
True
Is 13669 a prime number?
True
Is 14339 prime?
False
Is 105695 composite?
True
Is 188563 a composite number?
False
Is 1459477 composite?
True
Is 1883 prime?
False
Is 1111906 composite?
True
Is 8009 a composite number?
False
Is 12813 a prime number?
False
Is 64211 a composite number?
True
Is 20593 a composite number?
False
Is 266477 prime?
True
Is 631 a prime number?
True
Is 60251 a composite number?
False
Is 178469 composite?
False
Is 18267 prime?
False
Is 64765 a composite number?
True
Is 29261 a composite number?
True
Is 22681 composite?
True
Is 63521 a composite number?
False
Is 1451719 composite?
False
Is 383267 a composite number?
False
Is 71479 composite?
False
Is 26833 composite?
False
Is 1977 composite?
True
Is 56569 a prime number?
True
Is 5098 prime?
False
Is 5758 composite?
True
Is 295401 composite?
True
Is 12219 a prime number?
False
Is 31281 prime?
False
Is 79657 a prime number?
True
Is 555029 composite?
False
Is 3491 composite?
False
Is 3134 a prime number?
False
Is 4963 composite?
True
Is 3079 prime?
True
Is 3251 a prime number?
True
Is 23189 a prime number?
True
Is 21709 a prime number?
False
Is 470579 a prime number?
True
Is 604055 a composite number?
True
Is 51449 a composite number?
False
Is 10871 a composite number?
True
Is 384359 prime?
True
Is 5027 a prime number?
False
Is 83537 prime?
True
Is 5711 a composite number?
False
Is 2927 a composite number?
False
Is 25537 composite?
False
Is 69505 prime?
False
Is 46537 a composite number?
True
Is 9349 a composite number?
False
Is 8753 a prime number?
True
Is 102953 composite?
False
Is 7087 a prime number?
False
Is 49607 a prime number?
False
Is 2972639 a prime number?
True
Is 2798113 a composite number?
False
Is 17657 prime?
True
Is 166993 prime?
False
Is 6866 a composite number?
True
Is 117489 composite?
True
Is 319981 composite?
False
Is 78121 prime?
True
Is 14501 prime?
False
Is 34855 a prime number?
False
Is 12349 prime?
False
Is 35201 composite?
False
Is 15611 prime?
False
Is 173773 a composite number?
False
Is 9771 a prime number?
False
Is 33521 composite?
False
Is 10154 composite?
True
Is 1259 composite?
False
Is 37615 prime?
False
Is 5703 a prime number?
False
Is 136001 prime?
False
Is 16741 composite?
False
Is 24259 a prime number?
False
Is 5563 prime?
True
Is 305011 a prime number?
False
Is 3049 a composite number?
False
Is 89027 a prime number?
False
Is 287899 a prime number?
False
Is 283721 prime?
True
Is 2242067 a composite number?
True
Is 100823 composite?
False
Is 71317 a composite number?
False
Is 77093 a prime number?
True
Is 4127 prime?
True
Is 248749 prime?
True
Is 10417 a prime number?
False
Is 221363 a composite number?
True
Is 35545 a prime number?
False
Is 806719 a prime number?
True
Is 3513 composite?
True
Is 2953 a prime number?
True
Is 23723 a prime number?
False
Is 40781 prime?
False
Is 6389 a composite number?
False
Is 575585 a prime number?
False
Is 167 a prime number?
True
Is 5959 composite?
True
Is 1215683 composite?
True
Is 71161 prime?
True
Is 2304413 composite?
True
Is 8497 prime?
False
Is 2317 a composite number?
True
Is 245357 prime?
False
Is 388529 prime?
True
Is 154339 a prime number?
True
Is 5951 a prime number?
False
Is 124067 composite?
False
Is 48731 composite?
False
Is 12849 a prime number?
False
Is 951 composite?
True
Is 94873 prime?
True
Is 869 a prime number?
False
Is 5111 a prime number?
False
Is 90641 a prime number?
True
Is 51409 prime?
False
Is 1681957 composite?
False
Is 24499 composite?
False
Is 1361 a prime number?
True
Is 765763 a prime number?
True
Is 44171 prime?
True
Is 78635 a prime number?
False
Is 64205 prime?
False
Is 178739 prime?
False
Is 4493 prime?
True
Is 15679 composite?
False
Is 2823 a prime number?
False
Is 20269 prime?
True
Is 520631 prime?
True
Is 116483 composite?
False
Is 844709 a prime number?
True
Is 7593 a composite number?
True
Is 26041 a prime number?
True
Is 20653 a composite number?
True
Is 23663 a composite number?
False
Is 1949 composite?
False
Is 3973 composite?
True
Is 318037 composite?
True
Is 4258879 a prime number?
True
Is 35269 prime?
False
Is 195497 a composite number?
False
Is 12785 a prime number?
False
Is 39041 a prime number?
True
Is 1237 composite?
False
Is 9565 a prime number?
False
Is 77929 composite?
False
Is 7753 prime?
True
Is 137337 a prime number?
False
Is 3409 a composite number?
True
Is 175399 a composite number?
True
Is 228731 a composite number?
False
Is 364579 a prime number?
False
Is 2329 a prime number?
False
Is 12469 composite?
True
Is 5837 a composite number?
True
Is 27323 prime?
False
Is 144031 prime?
True
Is 1874699 prime?
True
Is 1309411 composite?
False
Is 60481 prime?
False
Is 32729 prime?
False
Is 111449 a prime number?
False
Is 590243 a composite number?
False
Is 1840109 a composite number?
False
Is 198821 prime?
False
Is 313919 a prime number?
False
Is 337783 a composite number?
True
Is 7279 composite?
True
Is 106523 prime?
False
Is 20991 a prime number?
False
Is 1471 prime?
True
Is 29077 a composite number?
False
Is 2321 composite?
True
Is 18637 a prime number?
True
Is 737 a prime number?
False
Is 439819 a composite number?
True
Is 274427 composite?
True
Is 906481 composite?
False
Is 45887 composite?
False
Is 2400023 composite?
True
Is 199289 composite?
False
Is 50299 a composite number?
True
Is 4981 a prime number?
False
Is 38543 a prime number?
True
Is 73999 a prime number?
True
Is 2378791 a prime number?
True
Is 124693 a prime number?
True
Is 24515 a composite number?
True
Is 2089751 composite?
False
Is 10007 a composite number?
False
Is 21989 composite?
True
Is 456747 a composite number?
True
Is 2581 prime?
False
Is 67501 prime?
False
Is 156671 a prime number?
True
Is 210077 a prime number?
False
Is 2051041 a composite number?
False
Is 62079 a composite number?
True
Is 59971 a composite number?
False
Is 319511 prime?
True
Is 671983 a composite number?
True
Is 296291 a prime number?
False
Is 125435 a prime number?
False
Is 3819301 a prime number?
True
Is 70277 a prime number?
False
Is 14123 a composite number?
True
Is 270701 composite?
False
Is 85489 a prime number?
False
Is 93701 a prime number?
True
Is 1231237 prime?
False
Is 1411591 prime?
False
Is 80251 a composite number?
False
Is 180233 a composite number?
False
Is 1243361 prime?
False
Is 806711 a composite number?
True
Is 3973 composite?
True
Is 140341 a prime number?
False
Is 10301 a prime number?
True
Is 13217 a composite number?
False
Is 19813 prime?
True
Is 507029 composite?
False
Is 104071 prime?
False
Is 3973 a prime number?
False
Is 309059 a composite number?
False
Is 154643 prime?
True
Is 1053503 a composite number?
True
Is 85159 composite?
False
Is 85733 a composite number?
False
Is 17441 prime?
False
Is 28277 a prime number?
True
Is 14281 a prime number?
True
Is 1623 prime?
False
Is 102929 a composite number?
False
Is 877003 a prime number?
True
Is 31013 a prime number?
True
Is 40031 a composite number?
False
Is 27611 prime?
True
Is 39505 composite?
True
Is 49909 prime?
False
Is 21849 a prime number?
False
Is 101191 a composite number?
True
Is 204933 a composite number?
True
Is 363367 composite?
False
Is 29662 a prime number?
False
Is 116719 a prime number?
True
Is 10289 composite?
False
Is 539867 composite?
True
Is 702509 a composite number?
True
Is 341219 composite?
False
Is 25577 composite?
False
Is 380969 a composite number?
True
Is 10063 a prime number?
False
Is 18922 a composite number?
True
Is 22111 a prime number?
True
Is 216379 composite?
False
Is 42557 prime?
True
Is 11197 composite?
False
Is 6053 prime?
True
Is 385557 a prime number?
False
Is 7913 a prime number?
False
Is 1767593 composite?
False
Is 44953 a composite number?
False
Is 19567 composite?
True
Is 1159901 a composite number?
False
Is 305231 prime?
True
Is 21859 composite?
False
Is 556489 a prime number?
False
Is 99689 a composite number?
False
Is 191413 a prime numb